) be the second derivative of -1/2*f**2 - 5*f - 1/24*f**4 - 1/6*f**3 + 0. Let n(i) be the first derivative of d(i). Calculate n(-3).
2
Suppose -i + 2 = -2. Suppose 2*p - i*p = 8. Let a(g) be the second derivative of g**5/20 + g**4/3 - g**3/6 + g**2/2 + 8*g + 56. Determine a(p).
5
Let w(j) be the second derivative of -2*j**3/3 - 47*j**2 + 1655*j. What is w(-26)?
10
Let d(i) = -3*i**2 - 3*i**3 - i**2 - i - 2 + 2*i**3 - 4*i. Let m = -172 - -169. Give d(m).
4
Let i(j) = j**3 + 16*j**2 + 2*j - 17. Let k = 1120 + -1136. Determine i(k).
-49
Let p(d) = -20*d - 320. Let y be p(-22). Suppose -5*l - y = -110. Let m(b) = 4*b - 2. What is m(l)?
-10
Let r = -13 - -5. Let q(v) = -9*v**2 - 10 - v**3 + 8*v**2 + 17 - 7*v**2 + 2*v - 12. Calculate q(r).
-21
Let d(t) = 114*t - 43 + 108*t - 232*t - 109. Calculate d(-15).
-2
Let h(z) be the first derivative of -z**4/4 - 2*z**3 - 7*z**2/2 + 5. Let k be 5*18/(-24 - -6). Give h(k).
10
Let v(j) = j**3 - 13*j**2 - j + 11. Let y be v(13). Let a be (1/y)/(1 + 33/(-30)). Let o = a - 6. Let b(s) = -2*s**2 + 2*s + 1. Calculate b(o).
-3
Suppose -4*v - 8 = 10*x - 14*x, -v + 2*x = 6. Let r(w) = -w**3 - 2*w**2 + 2*w - 2. What is r(v)?
-14
Suppose -20*g + 295 - 199 = -344. Let m(f) be the third derivative of g*f**2 - 1/2*f**3 + 0*f + 0 - 1/8*f**4. Determine m(4).
-15
Let j(h) = 25*h**2 + 54*h + 14*h + 25 - 23*h**2 - 7*h. Determine j(-30).
-5
Let x(b) = b. Let d be (1 - 0/6)*(-1 - -1). Suppose 0 = 3*l - g + 9, 0*l + l - 3*g - 5 = d. Let y be 30/l*(-4)/(-5). Determine x(y).
-6
Let c(l) = l - 15. Let d(y) = -8*y - 3 - 3 - y**3 + 6*y**2 + 4*y + 8. Let s be d(2). Determine c(s).
-5
Let p(w) = w**2 - 5*w + 2. Let u be 7/((-1470)/(-140890)) - 6/(-63). Let y = u - 665. What is p(y)?
8
Let b = 243 + -236. Suppose 0 = 5*g + w + w + 30, -g + b = 3*w. Let h(y) = -y**3 - 9*y**2 - 6*y + 5. Give h(g).
-11
Let i = -19235 + 19232. Let k(v) = -56*v - 164. What is k(i)?
4
Let c = -21 + 13. Let r = -4 - c. Let z(a) be the first derivative of -a**3/3 + 5*a**2/2 + 3*a + 3139. Give z(r).
7
Let c(i) = 9*i**2 + 3*i + 1. Let k(y) = -32*y**2 - 11*y - 4. Let o(f) = 7*c(f) + 2*k(f). Give o(4).
-21
Let l be 1 + 4*3/(-2). Let k(b) be the second derivative of -b**4/12 - 3*b**3/2 + b**2 - 1050*b + 2. What is k(l)?
22
Let u(j) = 5 - 1 - 3. Suppose 2*d = 25*m - 27*m - 2, -5*d + 3*m = 29. Let v(s) = 4*s - 8. Let i(c) = d*u(c) - v(c). Determine i(3).
-8
Let f(a) = 13*a**2 + 198*a + 119. Let h(z) = -33*z - 20. Let v(q) = -f(q) - 6*h(q). Suppose -2*m + 5 = 3*m. Give v(m).
-12
Let t(v) = 15*v**2 + 74*v + 186. Let h(o) = 4*o**2 + 19*o + 47. Let l(a) = -11*h(a) + 3*t(a). What is l(-6)?
-1
Let p(s) = -s + 0*s + s + 6*s + 9. Let g(h) = 10*h + 14. Let t(l) = -5*g(l) + 8*p(l). Determine t(4).
-6
Let m(w) = 35 + 40*w**2 - 3*w - 10*w - 5*w - 39*w**2. What is m(14)?
-21
Let a = -81 + 82. Let f be 18/(-4)*(a - 22/6). Let i(x) = 9 + 11 - x**3 - f + 6*x**2 + 5*x. Give i(7).
-6
Let t(o) = 2*o**2 + 12*o - 23. Let m = 1761 - 1756. What is t(m)?
87
Let h(s) = s + 4538*s**3 - s + 4573*s**3 - 9088*s**3 - 1. Suppose t - 3 = -2. Determine h(t).
22
Let n(j) be the second derivative of 7*j**4/12 - 5*j**3/6 - 2*j**2 + 2210*j. Give n(-2).
34
Let x(f) = -f**3 - 2*f**2 - 3*f. Suppose -1520*k + 1515*k = 15. Give x(k).
18
Let b(c) = -48*c - 32. Let f(u) be the first derivative of 11*u**2 + 16*u - 9. Let d(l) = -6*b(l) - 13*f(l). Calculate d(11).
6
Let v(j) = 2*j + 1. Let n(r) = r**3 + 8*r**2 + 6*r + 1. Let o be n(-7). Let b(i) = i - 2. Let t be b(o). Suppose -t = x + x. Determine v(x).
-5
Suppose -d - 4 + 1 = 0. Let z(k) = 1596254*k + 808 - 809 - 1596255*k. Give z(d).
2
Let g(j) be the first derivative of -2*j**3/3 - j**2 - 33*j - 38. Let d(u) be the first derivative of g(u). Determine d(3).
-14
Suppose 4*q = 3*w - 6, 5*q + 449 - 446 = 3*w. Let u(i) = i**3 - 8*i**2 + 10*i - 12. Calculate u(w).
-24
Let f(w) = 141*w - 71*w - 60*w + 123. What is f(-13)?
-7
Let r be (((-240)/108)/(-2))/(2/9). Let s(i) = -10*i + 20. What is s(r)?
-30
Suppose 0*n = 17*n - 39*n - 88. Let y(c) = -3*c**2 - 8*c - 3. Determine y(n).
-19
Let a(y) be the third derivative of y**4/12 + y**3 - 4*y**2 + 111*y. Suppose 3*t - 4*c + 7 = -2*t, -3*t - 3*c - 15 = 0. What is a(t)?
0
Let s(f) = -f**3 - 8*f**2 + 2*f + 12. Let p be s(-8). Let m(w) = 63*w - 201*w + 68*w + 69*w + 3. Give m(p).
7
Let p be (0 - 1*(-24)/18)*3. Let a(z) = 0*z**3 - 2*z**3 + 1 - p*z**2 - 2*z + z**3 + 5*z**2. Calculate a(1).
-1
Suppose -16*i = -13*i + 30. Let o be (-33)/55*i/(-3). Let k(u) = 0*u**2 - 2*u**2 - 4 + 3. Determine k(o).
-9
Let r(u) = -21*u - 58. Let v be r(-3). Let o(h) = -v + 13 - 4*h - 7. Calculate o(-6).
25
Let v(i) = i - 6. Let c = 657 + -1397. Let o = -747 - c. What is v(o)?
-13
Let g(x) = 3*x**2 + 1 + 0*x**2 + 387*x + x**3 - 381*x + 3. Determine g(-4).
-36
Let d(o) = -62*o - 20. Let s(x) = 85*x + 27. Let m(r) = -11*d(r) - 8*s(r). What is m(2)?
8
Let o(t) = t**2 - 2. Suppose c + 3*u = 8, 2*c - 7 + 11 = 4*u. Let n be ((-54)/36)/(c/(-4)). Calculate o(n).
7
Let p(l) = -l**3 - 40*l**2 - 9*l - 362. Let q be p(-40). Let j(y) = -8*y**3 + 2*y**2 + y + 3. Calculate j(q).
73
Let k = 22 + -16. Suppose 15 = -6*w + 9*w. Let y(a) = -w*a**2 + a**3 + 2 - 102*a + 95*a + 5 + 1. What is y(k)?
2
Let c(u) = 2*u + 4. Let j be (-1)/9 - 3790/(-90). Let f = -39 + j. What is c(f)?
10
Let r be ((-312)/32)/((-15)/(-560)). Let t = r - -363. Let o(m) = 2*m - 1. What is o(t)?
-3
Let u(t) = -t + 5. Let h be 1/(1 + (-168)/174). Suppose -2*j = -5*a - 11, 30*j - 5*a - 3 = h*j. Give u(j).
-3
Let m(b) = b**2 - 5*b - 4. Suppose 13*f = -16*f - 8*f. Suppose -8*d + 6*d + 12 = f. Determine m(d).
2
Let w(r) = 5*r + 78. Let y be w(-4). Suppose 0 = 22*p - y - 52. Let l(s) = 1 + s**2 - 6*s - 2 + 2. Give l(p).
-4
Let x(n) be the first derivative of 2 - 1/2*n**2 - 4*n. Let l be (-11)/44*(3 + -15)*-1. Give x(l).
-1
Let o(p) = p**2 + 5 - 5 - 1. Let q(w) = -w**3 + w**2 - 2. Let c(j) = -o(j) + q(j). What is c(-1)?
0
Let l(h) = -25*h + 36. Let n be l(-5). Let v = -168 + n. Let f(j) = -j**3 - 8*j**2 - 6*j - 5. What is f(v)?
-12
Let p = -5 + 7. Suppose p*x + 9 = -1. Let l(w) = 71*w - 7. Let s(d) = 128*d - 12. Let n(r) = -9*l(r) + 5*s(r). Determine n(x).
-2
Let t(y) = y + 1. Suppose -19 = -5*k + 1, -3*m - k = -28. Suppose -8*n = -10*n + m. Let o(l) = l**2 + 3*l - 12. Let r(u) = n*t(u) + o(u). Determine r(-8).
0
Let t be ((-340)/(-51))/((-33)/36 - 1/(-4)). Let u(g) = 5*g + 32. Give u(t).
-18
Let w(h) = h**3 - 4*h**2 + 2*h + 4. Let x(p) = -36 - 72 + 51 - p - p. Let c be x(13). Let o = c - -87. Calculate w(o).
12
Let p(m) = -m**3 - 8*m**2 + 9*m - 1. Let f be -3*153/27 + -11 + 20. Calculate p(f).
-73
Let u(r) = r**3 - 5*r**2 - 6*r + 7. Suppose -2*x + 5*x - 12 = 0. Suppose -4*a - 16 = 2*p, 3*p + 4*a + 18 = -0*a. Let s = x - p. Determine u(s).
7
Let s(f) be the first derivative of -5*f**3/3 + f**2/2 + 11*f + 163. Calculate s(-3).
-37
Let k(j) = -j**3 + 6*j**2 - 4*j - 3. Let i be k(5). Let f(g) = 4*g - 2. Let y be f(i). Let x(b) = -27*b + 50*b + y*b**2 + 9 - b**3 - 25*b. Give x(6).
-3
Suppose 2*a + 4940 - 4914 = -4*y, -5 = y. Let n(f) = 107*f + 309. Calculate n(a).
-12
Let v(i) = -59 - 57 - 57 + i - 47 + 216. Let x = 1 + 2. Give v(x).
-1
Let n(x) be the third derivative of x**6/120 - 17*x**5/60 + 17*x**4/24 - 11*x**3/3 - 1319*x**2. Give n(16).
-6
Let d be ((-6)/(-24) - 1) + 35/4. Let a = -10 + 11. Suppose -b - d = a. Let q(m) = m**2 + 8*m - 12. Determine q(b).
-3
Let z(v) be the second derivative of 85*v + 1 + 1/3*v**3 + 1/2*v**2. Suppose -2*b - 6 = 0, -3*a - 3*b - 8 = 7. Give z(a).
-3
Let r(a) = -6*a**2 + 27*a + 57. Let q(p) = -p + 31. Let w(j) = 2*q(j) - r(j). Give w(5).
10
Let h(r) be the second derivative of -1/6*r**3 + 0 + 14*r + 3/2*r**2. What is h(0)?
3
Let u(n) = -n**3 - 2*n**2 + 4*n + 4. Suppose 4*i + 3*h + 6 = -0*h, -i = 2*h - 1. Let d be u(i). Let t(w) = 3*w**2 + 0 + 119*w - 59*w - 1 - 58*w. Give t(d).
4
Let b(z) = 10 - 57654*z**2 + 21*z - 51*z + 57658*z**2. What is b(8)?
26
Let t(q) = q**3 - 5*q**2 - 2. Let m(u) = u**3 - 7*u**2 - u - 2. Let i(a) = -3*a**2 + 2*a + 16. Let r be i(3). Let w(x) = r*m(x) + 6*t(x). Calculate w(-4).
-6
Let d(z) = 4 + 5 + 9*z - 17 + 2 + 8. What is d(-4)?
-34
Let r(m) be the first derivative of -2*m**3/3 + m**2/2 - 19*m - 849. Give r(0).
-19
Let t(m) = -6*m + 20. Let l(